{"id":29,"date":"2021-05-10T23:35:18","date_gmt":"2021-05-10T23:35:18","guid":{"rendered":"https:\/\/www.aquaventus.hr\/?page_id=29"},"modified":"2021-06-11T12:26:49","modified_gmt":"2021-06-11T12:26:49","slug":"hobi-centar","status":"publish","type":"page","link":"https:\/\/www.aquaventus.hr\/index.php\/hobi-centar\/","title":{"rendered":"Hobi centar"},"content":{"rendered":"\t\t<div data-elementor-type=\"wp-page\" data-elementor-id=\"29\" class=\"elementor elementor-29\" data-elementor-settings=\"[]\">\n\t\t\t\t\t\t\t<div class=\"elementor-section-wrap\">\n\t\t\t\t\t\t\t<section class=\"elementor-section elementor-top-section elementor-element elementor-element-8fe026a elementor-section-boxed elementor-section-height-default elementor-section-height-default\" data-id=\"8fe026a\" data-element_type=\"section\">\n\t\t\t\t\t\t<div class=\"elementor-container elementor-column-gap-default\">\n\t\t\t\t\t<div class=\"elementor-column elementor-col-33 elementor-top-column elementor-element elementor-element-42379c5\" data-id=\"42379c5\" data-element_type=\"column\">\n\t\t\t<div class=\"elementor-widget-wrap elementor-element-populated\">\n\t\t\t\t\t\t\t\t<div class=\"elementor-element elementor-element-518da44 elementor-widget elementor-widget-text-editor\" data-id=\"518da44\" data-element_type=\"widget\" data-widget_type=\"text-editor.default\">\n\t\t\t\t<div class=\"elementor-widget-container\">\n\t\t\t\t\t\t\t\t<p>Velik izbor strojeva i alata, za\u0161titne odje\u0107e i obu\u0107e te razne opreme za dom i oku\u0107nicu.<\/p>\t\t\t\t\t\t<\/div>\n\t\t\t\t<\/div>\n\t\t\t\t<div class=\"elementor-element elementor-element-d5e0ec4 elementor-widget elementor-widget-text-editor\" data-id=\"d5e0ec4\" data-element_type=\"widget\" data-widget_type=\"text-editor.default\">\n\t\t\t\t<div class=\"elementor-widget-container\">\n\t\t\t\t\t\t\t\t<h5><strong>Radno vrijeme:<br \/><\/strong>Ponedjeljak-petak 8-18h<br \/>Subota 8-13h<br \/>Nedjelja zatvoreno<\/h5>\t\t\t\t\t\t<\/div>\n\t\t\t\t<\/div>\n\t\t\t\t<div class=\"elementor-element elementor-element-1a2696c elementor-widget elementor-widget-text-editor\" data-id=\"1a2696c\" data-element_type=\"widget\" data-widget_type=\"text-editor.default\">\n\t\t\t\t<div class=\"elementor-widget-container\">\n\t\t\t\t\t\t\t\t<h5><strong>Adresa:<\/strong><br \/>Zagreba\u010dka 25A, Vrbovec<\/h5>\t\t\t\t\t\t<\/div>\n\t\t\t\t<\/div>\n\t\t\t\t\t<\/div>\n\t\t<\/div>\n\t\t\t\t<div class=\"elementor-column elementor-col-66 elementor-top-column elementor-element elementor-element-33e5cdf\" data-id=\"33e5cdf\" data-element_type=\"column\">\n\t\t\t<div class=\"elementor-widget-wrap elementor-element-populated\">\n\t\t\t\t\t\t\t\t<div class=\"elementor-element elementor-element-00f4d78 elementor-arrows-position-inside elementor-pagination-position-outside elementor-widget elementor-widget-image-carousel\" data-id=\"00f4d78\" data-element_type=\"widget\" data-settings=\"{&quot;slides_to_show&quot;:&quot;1&quot;,&quot;navigation&quot;:&quot;both&quot;,&quot;autoplay&quot;:&quot;yes&quot;,&quot;pause_on_hover&quot;:&quot;yes&quot;,&quot;pause_on_interaction&quot;:&quot;yes&quot;,&quot;autoplay_speed&quot;:5000,&quot;infinite&quot;:&quot;yes&quot;,&quot;effect&quot;:&quot;slide&quot;,&quot;speed&quot;:500}\" data-widget_type=\"image-carousel.default\">\n\t\t\t\t<div class=\"elementor-widget-container\">\n\t\t\t\t\t<div class=\"elementor-image-carousel-wrapper swiper-container\" dir=\"ltr\">\n\t\t\t<div class=\"elementor-image-carousel swiper-wrapper\">\n\t\t\t\t<div class=\"swiper-slide\"><figure class=\"swiper-slide-inner\"><img decoding=\"async\" class=\"swiper-slide-image\" src=\"https:\/\/www.aquaventus.hr\/wp-content\/uploads\/2021\/06\/DSCF0863-768x512.jpg\" alt=\"DSCF0863\" \/><\/figure><\/div><div class=\"swiper-slide\"><figure class=\"swiper-slide-inner\"><img decoding=\"async\" class=\"swiper-slide-image\" src=\"https:\/\/www.aquaventus.hr\/wp-content\/uploads\/2021\/06\/DSCF0882-768x512.jpg\" alt=\"DSCF0882\" \/><\/figure><\/div><div class=\"swiper-slide\"><figure class=\"swiper-slide-inner\"><img decoding=\"async\" class=\"swiper-slide-image\" src=\"https:\/\/www.aquaventus.hr\/wp-content\/uploads\/2021\/06\/DSCF0885-768x525.jpg\" alt=\"DSCF0885\" \/><\/figure><\/div><div class=\"swiper-slide\"><figure class=\"swiper-slide-inner\"><img decoding=\"async\" class=\"swiper-slide-image\" src=\"https:\/\/www.aquaventus.hr\/wp-content\/uploads\/2021\/06\/DSCF0850-768x512.jpg\" alt=\"DSCF0850\" \/><\/figure><\/div><div class=\"swiper-slide\"><figure class=\"swiper-slide-inner\"><img decoding=\"async\" class=\"swiper-slide-image\" src=\"https:\/\/www.aquaventus.hr\/wp-content\/uploads\/2021\/06\/DSCF0876-768x512.jpg\" alt=\"DSCF0876\" \/><\/figure><\/div><div class=\"swiper-slide\"><figure class=\"swiper-slide-inner\"><img decoding=\"async\" class=\"swiper-slide-image\" src=\"https:\/\/www.aquaventus.hr\/wp-content\/uploads\/2021\/06\/DSCF0888-768x512.jpg\" alt=\"DSCF0888\" \/><\/figure><\/div><div class=\"swiper-slide\"><figure class=\"swiper-slide-inner\"><img decoding=\"async\" class=\"swiper-slide-image\" src=\"https:\/\/www.aquaventus.hr\/wp-content\/uploads\/2021\/06\/DSCF0903-768x512.jpg\" alt=\"DSCF0903\" \/><\/figure><\/div><div class=\"swiper-slide\"><figure class=\"swiper-slide-inner\"><img decoding=\"async\" class=\"swiper-slide-image\" src=\"https:\/\/www.aquaventus.hr\/wp-content\/uploads\/2021\/06\/DSCF0896-768x512.jpg\" alt=\"DSCF0896\" \/><\/figure><\/div><div class=\"swiper-slide\"><figure class=\"swiper-slide-inner\"><img decoding=\"async\" class=\"swiper-slide-image\" src=\"https:\/\/www.aquaventus.hr\/wp-content\/uploads\/2021\/06\/DSCF0900-768x512.jpg\" alt=\"DSCF0900\" \/><\/figure><\/div><div class=\"swiper-slide\"><figure class=\"swiper-slide-inner\"><img decoding=\"async\" class=\"swiper-slide-image\" src=\"https:\/\/www.aquaventus.hr\/wp-content\/uploads\/2021\/06\/DSCF0834-768x512.jpg\" alt=\"DSCF0834\" \/><\/figure><\/div>\t\t\t<\/div>\n\t\t\t\t\t\t\t\t\t\t\t\t<div class=\"swiper-pagination\"><\/div>\n\t\t\t\t\t\t\t\t\t\t\t\t\t<div class=\"elementor-swiper-button elementor-swiper-button-prev\">\n\t\t\t\t\t\t<i class=\"eicon-chevron-left\" aria-hidden=\"true\"><\/i>\n\t\t\t\t\t\t<span class=\"elementor-screen-only\">Previous<\/span>\n\t\t\t\t\t<\/div>\n\t\t\t\t\t<div class=\"elementor-swiper-button elementor-swiper-button-next\">\n\t\t\t\t\t\t<i class=\"eicon-chevron-right\" aria-hidden=\"true\"><\/i>\n\t\t\t\t\t\t<span class=\"elementor-screen-only\">Next<\/span>\n\t\t\t\t\t<\/div>\n\t\t\t\t\t\t\t\t\t<\/div>\n\t\t\t\t<\/div>\n\t\t\t\t<\/div>\n\t\t\t\t\t<\/div>\n\t\t<\/div>\n\t\t\t\t\t\t\t<\/div>\n\t\t<\/section>\n\t\t\t\t<section class=\"elementor-section elementor-top-section elementor-element elementor-element-c7671ce elementor-section-boxed elementor-section-height-default elementor-section-height-default\" data-id=\"c7671ce\" data-element_type=\"section\">\n\t\t\t\t\t\t<div class=\"elementor-container elementor-column-gap-default\">\n\t\t\t\t\t<div class=\"elementor-column elementor-col-100 elementor-top-column elementor-element elementor-element-09a113d\" data-id=\"09a113d\" data-element_type=\"column\">\n\t\t\t<div class=\"elementor-widget-wrap elementor-element-populated\">\n\t\t\t\t\t\t\t\t<div class=\"elementor-element elementor-element-f3dc7c7 elementor-widget elementor-widget-google_maps\" data-id=\"f3dc7c7\" data-element_type=\"widget\" data-widget_type=\"google_maps.default\">\n\t\t\t\t<div class=\"elementor-widget-container\">\n\t\t\t<div class=\"elementor-custom-embed\"><iframe frameborder=\"0\" scrolling=\"no\" marginheight=\"0\" marginwidth=\"0\" src=\"https:\/\/maps.google.com\/maps?q=hobi%20centar%2C%20vrbovec&amp;t=m&amp;z=14&amp;output=embed&amp;iwloc=near\" title=\"hobi centar, vrbovec\" aria-label=\"hobi centar, vrbovec\"><\/iframe><\/div>\t\t<\/div>\n\t\t\t\t<\/div>\n\t\t\t\t\t<\/div>\n\t\t<\/div>\n\t\t\t\t\t\t\t<\/div>\n\t\t<\/section>\n\t\t\t\t\t\t<\/div>\n\t\t\t\t\t<\/div>\n\t\t","protected":false},"excerpt":{"rendered":"<p>Velik izbor strojeva i alata, za\u0161titne odje\u0107e i obu\u0107e te razne opreme za dom i oku\u0107nicu. Radno vrijeme:Ponedjeljak-petak 8-18hSubota 8-13hNedjelja zatvoreno Adresa:Zagreba\u010dka 25A, Vrbovec Prethodno Sljede\u0107e<\/p>\n","protected":false},"author":1,"featured_media":0,"parent":0,"menu_order":0,"comment_status":"closed","ping_status":"closed","template":"","meta":{"footnotes":""},"class_list":["post-29","page","type-page","status-publish","hentry","post"],"yoast_head":"<!-- This site is optimized with the Yoast SEO plugin v16.4 - https:\/\/yoast.com\/wordpress\/plugins\/seo\/ -->\n<title>Hobi centar - Aquaventus<\/title>\n<meta name=\"robots\" content=\"index, follow, max-snippet:-1, max-image-preview:large, max-video-preview:-1\" \/>\n<link rel=\"canonical\" href=\"https:\/\/www.aquaventus.hr\/index.php\/hobi-centar\/\" \/>\n<meta property=\"og:locale\" content=\"en_US\" \/>\n<meta property=\"og:type\" content=\"article\" \/>\n<meta property=\"og:title\" content=\"Hobi centar - Aquaventus\" \/>\n<meta property=\"og:description\" content=\"Velik izbor strojeva i alata, za\u0161titne odje\u0107e i obu\u0107e te razne opreme za dom i oku\u0107nicu. Radno vrijeme:Ponedjeljak-petak 8-18hSubota 8-13hNedjelja zatvoreno Adresa:Zagreba\u010dka 25A, Vrbovec Prethodno Sljede\u0107e\" \/>\n<meta property=\"og:url\" content=\"https:\/\/www.aquaventus.hr\/index.php\/hobi-centar\/\" \/>\n<meta property=\"og:site_name\" content=\"Aquaventus\" \/>\n<meta property=\"article:modified_time\" content=\"2021-06-11T12:26:49+00:00\" \/>\n<meta property=\"og:image\" content=\"https:\/\/www.aquaventus.hr\/wp-content\/uploads\/2021\/06\/DSCF0863-768x512.jpg\" \/>\n<meta name=\"twitter:card\" content=\"summary_large_image\" \/>\n<script type=\"application\/ld+json\" class=\"yoast-schema-graph\">{\"@context\":\"https:\/\/schema.org\",\"@graph\":[{\"@type\":\"WebSite\",\"@id\":\"https:\/\/www.aquaventus.hr\/#website\",\"url\":\"https:\/\/www.aquaventus.hr\/\",\"name\":\"Aquaventus\",\"description\":\"Rje\\u0161enja za hla\\u0111enje vanjskih prostora\",\"potentialAction\":[{\"@type\":\"SearchAction\",\"target\":\"https:\/\/www.aquaventus.hr\/?s={search_term_string}\",\"query-input\":\"required name=search_term_string\"}],\"inLanguage\":\"en-US\"},{\"@type\":\"ImageObject\",\"@id\":\"https:\/\/www.aquaventus.hr\/index.php\/hobi-centar\/#primaryimage\",\"inLanguage\":\"en-US\",\"url\":\"https:\/\/www.aquaventus.hr\/wp-content\/uploads\/2021\/06\/DSCF0863-768x512.jpg\",\"contentUrl\":\"https:\/\/www.aquaventus.hr\/wp-content\/uploads\/2021\/06\/DSCF0863-768x512.jpg\"},{\"@type\":\"WebPage\",\"@id\":\"https:\/\/www.aquaventus.hr\/index.php\/hobi-centar\/#webpage\",\"url\":\"https:\/\/www.aquaventus.hr\/index.php\/hobi-centar\/\",\"name\":\"Hobi centar - Aquaventus\",\"isPartOf\":{\"@id\":\"https:\/\/www.aquaventus.hr\/#website\"},\"primaryImageOfPage\":{\"@id\":\"https:\/\/www.aquaventus.hr\/index.php\/hobi-centar\/#primaryimage\"},\"datePublished\":\"2021-05-10T23:35:18+00:00\",\"dateModified\":\"2021-06-11T12:26:49+00:00\",\"breadcrumb\":{\"@id\":\"https:\/\/www.aquaventus.hr\/index.php\/hobi-centar\/#breadcrumb\"},\"inLanguage\":\"en-US\",\"potentialAction\":[{\"@type\":\"ReadAction\",\"target\":[\"https:\/\/www.aquaventus.hr\/index.php\/hobi-centar\/\"]}]},{\"@type\":\"BreadcrumbList\",\"@id\":\"https:\/\/www.aquaventus.hr\/index.php\/hobi-centar\/#breadcrumb\",\"itemListElement\":[{\"@type\":\"ListItem\",\"position\":1,\"item\":{\"@type\":\"WebPage\",\"@id\":\"https:\/\/www.aquaventus.hr\/\",\"url\":\"https:\/\/www.aquaventus.hr\/\",\"name\":\"Po\\u010detna stranica\"}},{\"@type\":\"ListItem\",\"position\":2,\"item\":{\"@id\":\"https:\/\/www.aquaventus.hr\/index.php\/hobi-centar\/#webpage\"}}]}]}<\/script>\n<!-- \/ Yoast SEO plugin. -->","_links":{"self":[{"href":"https:\/\/www.aquaventus.hr\/index.php\/wp-json\/wp\/v2\/pages\/29","targetHints":{"allow":["GET"]}}],"collection":[{"href":"https:\/\/www.aquaventus.hr\/index.php\/wp-json\/wp\/v2\/pages"}],"about":[{"href":"https:\/\/www.aquaventus.hr\/index.php\/wp-json\/wp\/v2\/types\/page"}],"author":[{"embeddable":true,"href":"https:\/\/www.aquaventus.hr\/index.php\/wp-json\/wp\/v2\/users\/1"}],"replies":[{"embeddable":true,"href":"https:\/\/www.aquaventus.hr\/index.php\/wp-json\/wp\/v2\/comments?post=29"}],"version-history":[{"count":37,"href":"https:\/\/www.aquaventus.hr\/index.php\/wp-json\/wp\/v2\/pages\/29\/revisions"}],"predecessor-version":[{"id":300,"href":"https:\/\/www.aquaventus.hr\/index.php\/wp-json\/wp\/v2\/pages\/29\/revisions\/300"}],"wp:attachment":[{"href":"https:\/\/www.aquaventus.hr\/index.php\/wp-json\/wp\/v2\/media?parent=29"}],"curies":[{"name":"wp","href":"https:\/\/api.w.org\/{rel}","templated":true}]}}